56)/(-6))/(8/(-60)). Suppose 0 = -5*m - 4*x + 766 + 1115, 3*m = -2*x + 1129. Let y = r + m. Is y a composite number?
False
Suppose 0 = m + 3*m - 12, -5*j + 3301 = -3*m. Is j a composite number?
True
Suppose 0 = 4*a - 137 - 39. Let p = a + -7. Is p composite?
False
Suppose -j = -4*j. Suppose 2*b + 2 + j = 0. Is -2 + 54 - (b - 0) a prime number?
True
Let z be (-7)/(((-8)/(-22))/(-4)). Suppose 3*n = z + 118. Suppose -s - 3*a = -20, s - 3*s = a - n. Is s a prime number?
False
Is (-48)/40*55/(-2) a composite number?
True
Let y = 381 + 2. Is (-8)/(-44) + y/11 prime?
False
Suppose -111 - 1 = -5*n + m, -6 = 3*m. Is n composite?
True
Let c = 149 - -186. Is c composite?
True
Let o = 6 + -3. Suppose o*v - y = 16, -v = -2*v + y + 4. Is v prime?
False
Let j be (-2 + (-340)/(-6))*3. Let a = j - -27. Is a a composite number?
False
Suppose -4*q = 2*q + 48. Let m(v) = 7*v + 15. Let y(s) = -4*s - 8. Let b(x) = -3*m(x) - 5*y(x). Is b(q) prime?
True
Suppose 2*g + 121 = 375. Is g prime?
True
Let r = -110 + 61. Let a = 104 + r. Is a prime?
False
Let n(o) = -1. Let m(q) = -q - 10. Let s(v) = -m(v) + 3*n(v). Let h be s(-7). Suppose p + p - 6 = h. Is p a prime number?
True
Let f(d) = 2*d**2 - 4*d + 11. Is f(6) composite?
False
Suppose 2670 = 3*k + 3*u, 985 = -4*k + 5*u + 4527. Suppose -2*y = -2*t - k, -5*y + 0*t = -t - 2232. Is y a prime number?
False
Let k(u) = -148*u - 9. Is k(-6) a composite number?
True
Let k = 629 - 183. Is k a prime number?
False
Let j(o) = o**2 + 4*o - 3. Let s be j(-5). Let c be s - ((-2 - 5) + 3). Is 53 + 3/c*0 a composite number?
False
Let o(d) = d**2 + d + 2. Suppose 3*j + 2*l - 10 = -4, 3*l - 9 = 0. Let g be o(j). Suppose -g*x + 215 = 3*x. Is x a prime number?
True
Let u(n) = 26*n + 1. Let t(o) = -o**3 - 7*o**2 - 7*o - 3. Let c be t(-6). Is u(c) a prime number?
True
Suppose 2*c - 7*j = -2*j + 23, 8 = -c - 4*j. Suppose c*x + 1812 = 8*x. Suppose 0 = 3*l + 4*y + 54 - x, 3*l - y - 399 = 0. Is l composite?
True
Suppose y - 12 = -3*y. Suppose w - 7 + y = 0. Suppose -w*g + k + 75 = g, 0 = -4*g - k + 60. Is g composite?
True
Let i(p) = p**3 - p - 2*p**2 + 2*p + 2*p**2 + 37 - p**2. Is i(0) composite?
False
Suppose 49 + 103 = 4*r. Suppose 4*p = 5*p - r. Is p a composite number?
True
Let n(s) = -2*s - 8. Let c be n(11). Let z = 35 - c. Is z prime?
False
Let c(b) = 81*b**2 - 2*b - 11. Is c(-4) a composite number?
True
Let p = 24 - 18. Is p a prime number?
False
Let h = 2702 + -1791. Is h composite?
False
Let a = -54 - -114. Let o = a + 73. Is o a prime number?
False
Let j(w) = w**3 - 18*w**2 + 3. Let x be j(18). Suppose 5*l = 5, -751 = -3*g - l - x*l. Is g a prime number?
False
Suppose 23 = -w - 4*n + 88, 3*w - 169 = n. Is w composite?
True
Suppose -2*p = 2*p + 2*c - 32, p = -3*c + 18. Is 8/p*(-372)/(-8) prime?
False
Let n(a) = -7*a + 9. Let f(o) = 19*o - 26. Let v(m) = -m. Let t(y) = f(y) - 2*v(y). Let b(r) = 17*n(r) + 6*t(r). Is b(6) a composite number?
True
Suppose -5*h + 4*h - 1 = 0. Let m be 7*1 + 0 + h. Let b(r) = -r**3 + 6*r**2 + r + 1. Is b(m) a composite number?
False
Let z(o) = 2*o**3 + o**2. Let s be z(1). Suppose s*n - 13 = 8. Let y(m) = m**2 - 3*m - 9. Is y(n) composite?
False
Let w = -19 - -9. Let m = w + 2. Is (-435)/(-20) + (-2)/m a composite number?
True
Let s(n) = 2*n**2 + 8*n - 3. Let r(u) = -2*u**3 + 3*u**2 - 3*u + 3. Let w be r(2). Is s(w) a composite number?
True
Let g(v) = 4*v**2 - 2*v - 3. Let x be g(-2). Let o = x + 4. Is o a prime number?
False
Is (1402/(-10))/((-7)/35) composite?
False
Suppose 3*k - 2*r - 6 = 0, -4*k = -3*k - 5*r - 15. Suppose k*g + 275 = 5*g. Is g a prime number?
False
Suppose -5*h = 3*c - 21060, 0 = 3*c - 3*h - 18697 - 2363. Is 2/7 + c/28 a composite number?
False
Let k be (-1)/(-2)*67*-4. Is (-1 - (-2)/4)*k composite?
False
Let o(c) = c**2 + 3. Let i be o(0). Let h(v) = 0 + v**2 + 3 + v - 4 + 12*v**i. Is h(1) a composite number?
False
Suppose 0 = 13*w - 8*w - 20810. Is w composite?
True
Let v(j) be the second derivative of j**6/360 + 7*j**4/12 - j**3/3 - 3*j. Let b(l) be the second derivative of v(l). Is b(0) a prime number?
False
Suppose 0*g + 3*g = 9. Suppose g*c = 2*c + 67. Is c prime?
True
Is (6 - 7) + (468 - -2) a composite number?
True
Let o(k) = -64*k**3 + 2*k**2 + k. Is o(-1) prime?
False
Let n(s) = -s - 4. Let w be n(-6). Suppose -w*i = -12 - 10. Suppose -k - i = -2*k. Is k prime?
True
Suppose -2*m + 4*m - 94 = 0. Is m a composite number?
False
Suppose -12*f + 21847 + 87101 = 0. Is f a prime number?
False
Is (46*2)/(-8 - -10) a composite number?
True
Is ((-1835)/15)/((-2)/42) a composite number?
True
Let p(t) = t**3 + 6*t**2 - 2. Let s be p(-6). Let a be ((-24)/(-3))/s - -3. Is 1/2*a*-194 a prime number?
True
Let w = 6 + -12. Let b(m) = m - m**3 - 2*m**2 - 7 - 8*m - 2*m. Is b(w) a prime number?
True
Let c(n) = n**3 - 2*n**2 + n. Let r be c(2). Let u be 2/(r + 6/(-4)). Is 276/8 - (-2)/u a composite number?
True
Let c(h) = -13*h + 44. Is c(-21) prime?
True
Suppose -3*j = 918 - 2985. Is j prime?
False
Let j be 4/2 - (1 + 0). Let h(y) be the third derivative of 91*y**4/24 - 3*y**2. Is h(j) a prime number?
False
Let h(y) = 38*y**2 - 3*y - 7. Is h(6) a composite number?
True
Let z be (-3)/9 + (-7)/(-3). Suppose -b = -2*b - z. Is 708/8 + b/(-4) composite?
False
Let w(o) = 191*o**3 + o**2 + 2*o - 3. Is w(1) prime?
True
Let r be 1/((5/(-2))/(-5)). Suppose 3*q - 62 = r*q. Is q a prime number?
False
Let b be 4/16 - 30/(-8). Suppose 2*g - 2*c = 48, -20 = b*g - 5*c - 120. Is ((-5)/10)/((-1)/g) composite?
True
Suppose 4*n + 256 + 203 = b, 0 = 2*b - 3*n - 898. Is b prime?
True
Suppose 0 = -15*y + 10*y + 1475. Is y a prime number?
False
Suppose d - 2*s - 3*s = 26, 0 = d - s - 10. Suppose -3*l = -d*l + 9. Suppose -l*u + 57 = -0*u. Is u a composite number?
False
Let b(d) = -18*d - 1. Let w = 5 - 8. Is b(w) prime?
True
Suppose 5*o - 30 = 4*p, -5*p + 0*p - 25 = 0. Let g(x) be the third derivative of 3*x**5/10 + x**4/12 + x**3/6 - 2*x**2. Is g(o) composite?
True
Suppose -v + 8*w - 3*w = -714, 0 = -2*v - 2*w + 1440. Is v a prime number?
True
Let z be (55/10)/((-1)/(-6)). Let k = 64 - z. Is k composite?
False
Suppose t - 18 = 5*z, -8*z + 3*z - 2*t - 24 = 0. Let n be z/(-2*(-3)/615). Let s = -249 - n. Is s a prime number?
False
Let o(x) = 44*x**3 - 2 + 3 - x**2 + 2*x - 3 - 7*x**3. Let c be o(2). Suppose -150 - c = -4*r. Is r prime?
False
Let z be (3/5)/((-1)/(-85)). Let v(j) = 4*j + 4. Let t be v(-9). Let u = t + z. Is u composite?
False
Suppose 0 = 3*a + 2*y + 90, y + 3*y - 172 = 5*a. Is a/(-2 + 1) + -1 a composite number?
False
Suppose -z + 3*z = 3*m - 79, -2*z - 103 = 5*m. Let i = z - -81. Is i prime?
True
Let s = 482 - -1839. Is s a composite number?
True
Let s be (0*1/(-3))/(-2). Suppose -101 = -5*b - s*b - o, 2*o = -4*b + 82. Let g = -14 + b. Is g a prime number?
False
Suppose -16023 = -5*j + 3*h, j = 2*h + 3*h + 3187. Is j prime?
False
Let t be 3*((-48)/(-9) - 2). Let v(q) = 0*q + 3 + 3*q + 0*q + t*q**2. Is v(-2) a composite number?
False
Let n = -4 - -7. Suppose -n*p - 427 = -2*x - 8*p, p = 5. Is x a composite number?
True
Suppose 12*d - 13*d = -23. Is d composite?
False
Let l(x) = 6*x**2 - 12*x + 1. Is l(6) a composite number?
True
Let u(b) = b**3 + 4*b**2 - 5*b + 1. Let p be u(-4). Let n be 32/14 + (-6)/p. Suppose -n*r + 4*l + 113 = 23, 4*r - 2*l - 204 = 0. Is r a prime number?
True
Let p = 37 - 16. Is p a composite number?
True
Suppose 0 = o + 1 - 6. Suppose 0 = -o*v + 2*p + 188 + 299, -3*v = -4*p - 295. Is v composite?
False
Let j = 49 + -27. Is j a composite number?
True
Let b = 4 - 7. Suppose 114 = 5*d + 359. Is (-2)/(-4)*(b - d) a composite number?
False
Suppose -2*q - 3*v = -762, -4*v - v = 3*q - 1143. Is (0 - -3)*q/9 composite?
False
Let n(r) = 7*r**2 - 3. Let x be n(-7). Suppose -2*q + x = 2*q. Is q a composite number?
True
Let p = 159 - 66. Let k = 242 + p. Is k a composite number?
True
Suppose -5*r + 5 - 15 = 0. Let m(i) = -15*i**3 + 3*i**2 + 2*i + 3. Is m(r) a prime number?
True
Suppose -c - 66 = -3*c. Is c a composite number?
True
Let n = -25 + 40. Let f be (-1)/5 - (-243)/n. Suppose 2*c = -o + f, -5*o + c = -3*c - 66. Is o a prime number?
False
Let p(x) = 93*x**2 - 8*x. Let b(g) = 62*g**2 - 5*g. Let f(d) = 8*b(d) - 5*p(d). Is f(-1) a prime number?
True
Suppose -5*p + 3389 - 1324 = 0. Is p com